2, 5
Suppose 2*q + 3*g - 5*g = 8, -3*g = -5*q + 12. Suppose 2*p + q*p - 18 = 0. Suppose p*s = 4*s + 60. List the prime factors of s.
2, 3
What are the prime factors of 2022/18 - 1/3?
2, 7
Let x = -18 - -19. What are the prime factors of (13 - x)*(-12)/(-9)?
2
Let j be (-198)/(-12)*(-4)/(-2). Suppose 0 = b + 2*b - j. What are the prime factors of b?
11
Let n(p) = p**2 + 5*p - 5. Let u be n(-7). Suppose u = 4*g - 163. List the prime factors of g.
43
Let b be (51 + -3 - 3)/1. Suppose -5*f - 5*d = -b, 2*f = -4*d - 12 + 38. What are the prime factors of f?
5
Suppose 13*l - 10*l - 384 = 0. List the prime factors of l.
2
Suppose 2 = -0*u + 2*u. Let m(t) = t + 7*t + u - 3*t. What are the prime factors of m(2)?
11
Let l(h) be the first derivative of -h**3/3 - 9*h**2/2 + 2*h - 2. What are the prime factors of l(-8)?
2, 5
Let v = -88 - -129. What are the prime factors of v?
41
Let u(i) = 3*i + 3. List the prime factors of u(5).
2, 3
Let t be 30/18 + (-2)/3. What are the prime factors of -3 + 24 - (t + 0)?
2, 5
Suppose -550 + 70 = -5*l. List the prime factors of l.
2, 3
Let q = 77 - 35. What are the prime factors of q?
2, 3, 7
Let p be 2 - 2*3/(-2). List the prime factors of (-2)/(-5 + 3)*p.
5
Let m be (0 - (-2 + 2))/4. Suppose m = -w + 31 - 11. List the prime factors of w.
2, 5
Let i = 2 + 3. Suppose i*v + 1 = -4*x, x + 2*x - 1 = -2*v. Let f = v + 3. What are the prime factors of f?
2
Suppose n - 2*o = 4*n - 10, -2 = -n - 2*o. Suppose -z + 22 = 4*i, 0 = -3*i - 0*z + n*z + 7. What are the prime factors of i?
5
Let c(b) = -b**3 - 7*b**2 - 6*b - 1. Let t be c(-5). Let s = 41 + t. What are the prime factors of s?
2, 5
Suppose -v + w + 166 = 0, -5*w + 2*w = 5*v - 862. List the prime factors of v.
2, 5, 17
Let z = 129 + -87. List the prime factors of z.
2, 3, 7
Suppose 2 = -3*d + 11. Suppose -3*g + 48 - 16 = -2*r, 0 = d*g + 3*r - 27. List the prime factors of g.
2, 5
List the prime factors of 18 + ((-10)/(-5) - -2).
2, 11
Suppose -2*g + 3*i = -20, 1 + 1 = -i. Suppose -2*z - 25 = -g*z. Suppose 0 = 3*c + 3*d - 15, -z*c + 27 + 3 = 4*d. What are the prime factors of c?
2, 5
Let c be 0 + 3/(-3) + 4. Suppose -c*t = -5*t + 4. Suppose -33 = -t*f - f. What are the prime factors of f?
11
Let c be 15 + -1 - (-9 - -8). Let y = -4 + c. What are the prime factors of y?
11
Let i = 27 + -47. List the prime factors of (-488)/i - (-2)/(-5).
2, 3
Suppose -2 = 3*z + 4*w - 14, 3*z + 5*w = 15. Suppose -2*r = -4*c + 115 + 3, -2*c + 5*r + 39 = z. What are the prime factors of c?
2
Let h(v) = v + 14. Let m be h(-11). Suppose 18 = 3*l - m. What are the prime factors of l?
7
Let q = 0 - -15. What are the prime factors of q?
3, 5
What are the prime factors of -4 - -20*4 - 3?
73
Let z be ((-35)/3)/((-3)/9). Suppose -3*s = 2*b - 17, -5*s + 0*s + z = 2*b. Suppose 4*u + 2*h = 24, u - s = 2*h - h. What are the prime factors of u?
7
Suppose -4*j = 3*s - 214 - 159, -488 = -4*s + 4*j. What are the prime factors of s/11 + (-6)/33?
11
Let i(t) = t**2 + 17. Let m(r) = -r**3 - 12*r**2 - r - 11. Let x be m(-12). Suppose -x = -2*k + c, 0 = 4*c - 3*c + 1. List the prime factors of i(k).
17
Suppose 7*r - 171 = 193. List the prime factors of r.
2, 13
Let f be (-2)/11 + 602/(-77). Let r = 11 + f. Suppose r*h - 5*j - 44 = 0, 6*j = 5*h + 5*j - 66. What are the prime factors of h?
13
Let g be (-21)/(-7) + (-1)/1. Suppose 210 = 5*q + g*z + 3*z, z = 3. What are the prime factors of q?
3, 13
Suppose 4*t - 288 = -3*y + 2*y, 3*t + y - 216 = 0. What are the prime factors of t?
2, 3
Suppose -2*s - 6 = -2*q, -5*q - 5*s + 0*s - 35 = 0. Suppose 1 + 1 = -2*r. What are the prime factors of (-1 - q)/(r/(-3))?
3
Let m be (-5)/((-15)/(-9))*-1. Suppose 0 = m*a - 4*a + 10. What are the prime factors of a?
2, 5
Let l be (0 - -1)/1*-10. Let u be (-1)/4 + 30/(-8). Let m = u - l. List the prime factors of m.
2, 3
Let r(u) = 0*u**2 - u**2 - 1 - u + 1. Let w be r(4). Let l = w - -33. List the prime factors of l.
13
Suppose 0 = -4*l - 2*s - 29 - 65, 0 = 3*l + s + 69. Let t = 36 + l. What are the prime factors of t?
2, 7
Let p(b) = b**3 - 10*b**2 + b - 7. Suppose -20 = -3*d + d. Let v be p(d). Suppose 3*u + v - 7 = 5*j, -5*j = -2*u + 1. What are the prime factors of u?
3
Suppose 5*m - 187 = -72. What are the prime factors of m?
23
Suppose 0 = -4*q - 2*l + 68 + 50, -103 = -4*q + l. Suppose 5*z - 2*d = 8, z - 3*d + 4 = 3. Suppose 25 = 4*o - z*m - q, -4 = m. What are the prime factors of o?
11
Let r(m) = m**2 + 7*m + 5. Suppose 0 = -u - w - 4, -3*u + 7*u - 3*w + 37 = 0. List the prime factors of r(u).
5
Let i = -15 + 28. Let q = -5 + i. What are the prime factors of q?
2
Suppose 2*g = 3*g - 4. Suppose g*n - 44 = 28. What are the prime factors of n?
2, 3
Suppose -b - s + 10 - 4 = 0, -4*s = b - 9. List the prime factors of b.
5
Suppose -2*p + 57 = 3*g, 0*p + 4*g + 43 = 3*p. List the prime factors of p.
3, 7
Let c be -3 + (-4 - -5)*3. List the prime factors of 0 - c - (-14 - 2).
2
Suppose -5*g + 368 = 4*i, 0*i - 2*g = 4*i - 368. List the prime factors of i.
2, 23
Let j(g) = g**2 - 2*g + 1. Let i be j(3). Let k be 3/9 - i/(-6). Let y = 5 - k. What are the prime factors of y?
2
Let f be (-9)/(-11) + 2/11. Let c(v) = -v**3 + 11*v**2 - 9*v - 10. Let l be c(10). Suppose l = -2*n + 17 + f. What are the prime factors of n?
3
Let s(u) = -u**2 + 1. Let o be s(-1). Let m(y) = -y - 16. Let c be m(o). What are the prime factors of (c/10)/(2/(-10))?
2
List the prime factors of ((-456)/18)/(2/(-15)).
2, 5, 19
Suppose 16*w + 72 = 18*w. What are the prime factors of w?
2, 3
Let r = 7 - 7. Let d(c) = -c + 4. Let h be d(r). List the prime factors of (-88)/(-16) - (-2)/h.
2, 3
Suppose 16 = -4*p, -c - 4*c + p = 26. Let i = 10 + c. What are the prime factors of (-2)/(-4)*i - -6?
2
Suppose 3*h + 3 = 36. Suppose 5*w = h + 44. What are the prime factors of w?
11
Let t be 21/12 - 2/(-8). Suppose -2*f + 2*u + t + 8 = 0, 4*f + 5*u = 11. What are the prime factors of f?
2
Let u = -7 + 11. Suppose 5*n - u*k - 17 = -3, 0 = n + 2*k - 14. List the prime factors of n.
2, 3
Let i(t) be the third derivative of t**7/5040 - t**6/144 + t**5/20 - t**2. Let q(l) be the third derivative of i(l). List the prime factors of q(9).
2
Suppose -4*n + 12 = -n. Suppose u = 2*u + 4, 3*u + 60 = n*l. List the prime factors of l.
2, 3
Let a(n) = -n**3 + 10*n**2 - 14*n + 2. List the prime factors of a(6).
2, 31
Let q be 0/(-1) - -38 - -2. Let h = 62 - q. What are the prime factors of h?
2, 11
Let x = 72 + -26. What are the prime factors of x?
2, 23
List the prime factors of (-21)/(-2)*(-8)/(-6).
2, 7
Let b(m) = -2*m**3 + m + 1. Let k = 2 + -2. Suppose k = 2*d + d + 3. What are the prime factors of b(d)?
2
Let l be 258/4 + (-12)/(-8). Suppose 0 = -2*u + l - 10. List the prime factors of u.
2, 7
Let y(f) = -3*f**2 + 7*f + 1. Let w(p) = p**2 - p. Let o(x) = 4*w(x) + y(x). List the prime factors of o(-5).
11
Suppose -7 + 2 = d. Let h(x) = -2*x**3 - 3*x**2 - 4*x - 2. Let w be h(-2). Let z = w + d. What are the prime factors of z?
5
Let f(s) be the third derivative of s**6/120 + s**5/12 + s**4/24 + s**3/3 + s**2. Let c be -1*(11 + -6 + 3)/2. List the prime factors of f(c).
2, 7
Let c(q) = -1 + 4 - 6*q + 0 - 7. List the prime factors of c(-4).
2, 5
Let b be (3 + 21)/(-3) - -2. What are the prime factors of (16 - b/(-3)) + -3?
11
Suppose 6*b = b + 50. Let i = -5 + b. Suppose -14 = -i*h + 16. List the prime factors of h.
2, 3
Let c(g) = 30*g**3 + 11*g**2 - 9*g - 2. Let s(u) = 15*u**3 + 5*u**2 - 4*u - 1. Let d(h) = 4*c(h) - 9*s(h). Let z = -2 + 1. What are the prime factors of d(z)?
3, 5
Suppose 2*y = 5*c + 29, -y + c - 32 = -6*y. Let b(g) = 1 + 4 + g + 0. What are the prime factors of b(y)?
2, 3
Let k(l) = -1. Let d(g) = g - 7. Let h(n) = -d(n) - 2*k(n). Let u be h(5). Suppose 5*w = -u*b + 18, -b - 2*w = b - 8. What are the prime factors of b?
2
Let n(u) = u**3 - 3*u**2 + 2*u + 1. Let x be n(3). Suppose x*y = 2*y + 80. List the prime factors of y.
2
What are the prime factors of 5/1 - (-160 - -11)?
2, 7, 11
Suppose 0 = -4*v - c + 869, -c - 72 - 139 = -v. What are the prime factors of v?
2, 3
Suppose -4*a - 2*f + 72 = 0, 2*a - 18 = a - 3*f. What are the prime factors of a?
2, 3
Let z(t) = -t**3 - 5*t**2 - 3*t + 1. Let s be z(-4). Suppose 2*i - 40 = x, 4*x - 3*x + 44 = i. What are the prime factors